False
Is 84039 a multiple of 241?
False
Is 7316210 a multiple of 11?
True
Is 17 a factor of 23082894?
False
Is 13156475 a multiple of 25?
True
Is 718956 a multiple of 581?
False
Is 70 a factor of 277844?
False
Is 84 a factor of 9221016?
True
Is 1363094 a multiple of 8?
False
Is 6 a factor of 6908208?
True
Does 98 divide 181300?
True
Does 7 divide 20920?
False
Is 329685 a multiple of 16?
False
Does 168 divide 6680016?
True
Is 7 a factor of 456478?
False
Does 17 divide 665159?
True
Does 25 divide 88325?
True
Does 185 divide 974395?
True
Is 186984 a multiple of 56?
True
Is 34 a factor of 772143?
False
Does 74 divide 475524?
True
Is 6181414 a multiple of 10?
False
Is 156 a factor of 252252?
True
Does 112 divide 266672?
True
Is 1615860 a multiple of 15?
True
Is 887747 a multiple of 217?
True
Is 95 a factor of 379855?
False
Does 2 divide 70956?
True
Is 99572 a multiple of 31?
True
Does 107 divide 803496?
False
Is 10220004 a multiple of 14?
False
Is 142 a factor of 190280?
True
Does 46 divide 97566?
True
Is 274 a factor of 1483436?
True
Is 560 a factor of 7721563?
False
Does 6 divide 17922?
True
Is 9 a factor of 1335139?
False
Does 1391 divide 8937175?
True
Is 690615 a multiple of 2?
False
Is 342654 a multiple of 39?
True
Is 201842 a multiple of 86?
True
Is 12083475 a multiple of 2195?
True
Does 77 divide 7189182?
True
Is 1564947 a multiple of 287?
False
Is 6968844 a multiple of 82?
False
Is 71 a factor of 13206?
True
Does 99 divide 60489?
True
Is 6 a factor of 40308?
True
Is 1122513 a multiple of 173?
False
Is 2306527 a multiple of 811?
False
Does 32 divide 12285376?
True
Is 19 a factor of 3984832?
True
Is 226991 a multiple of 298?
False
Is 1262500 a multiple of 250?
True
Does 773 divide 193117?
False
Is 560 a factor of 692720?
True
Does 22 divide 6137692?
True
Does 48 divide 3607443?
False
Does 108 divide 144504?
True
Is 15 a factor of 3103935?
True
Is 11 a factor of 7792516?
False
Is 16 a factor of 159824?
True
Does 95 divide 5352424?
False
Is 7500950 a multiple of 410?
True
Does 16 divide 1319465?
False
Does 3 divide 4161?
True
Does 26 divide 12271?
False
Does 131 divide 27250?
False
Is 19 a factor of 224975?
False
Is 28430 a multiple of 10?
True
Does 8 divide 19808?
True
Is 285 a factor of 75251?
False
Does 190 divide 60047?
False
Does 875 divide 32968250?
True
Does 67 divide 8509?
True
Is 1593686 a multiple of 24?
False
Does 10 divide 153633?
False
Is 40 a factor of 639497?
False
Is 502512 a multiple of 696?
True
Does 16 divide 1575712?
True
Is 244320 a multiple of 15?
True
Is 1384379 a multiple of 116?
False
Is 11184 a multiple of 9?
False
Is 887030 a multiple of 20?
False
Is 140146 a multiple of 887?
True
Is 581 a factor of 3693998?
True
Is 89 a factor of 441183?
False
Does 2 divide 285199?
False
Is 5371904 a multiple of 8?
True
Is 2088380 a multiple of 140?
True
Is 102 a factor of 248835?
False
Does 11 divide 59642?
True
Is 53 a factor of 179723?
True
Does 126 divide 132930?
True
Does 12 divide 353400?
True
Does 26 divide 45188?
True
Is 286480 a multiple of 5?
True
Is 17 a factor of 4521048?
True
Does 3 divide 1996014?
True
Does 7 divide 21324?
False
Is 2417339 a multiple of 5?
False
Does 1243 divide 3471699?
True
Is 479550 a multiple of 230?
True
Is 8 a factor of 638292?
False
Is 114 a factor of 3374628?
True
Is 45 a factor of 1539064?
False
Is 110672 a multiple of 20?
False
Is 184 a factor of 96790?
False
Does 22 divide 11036278?
True
Is 21 a factor of 10269698?
False
Is 15 a factor of 345484?
False
Does 3 divide 11606?
False
Is 803 a factor of 1018204?
True
Is 189600 a multiple of 200?
True
Is 31928 a multiple of 307?
True
Is 2501558 a multiple of 131?
False
Is 33473 a multiple of 2?
False
Does 392 divide 3148942?
False
Is 28743208 a multiple of 1528?
True
Is 938030 a multiple of 53?
False
Does 20 divide 157500?
True
Is 1212274 a multiple of 917?
True
Is 100 a factor of 489800?
True
Is 171 a factor of 340119?
True
Is 6450822 a multiple of 1548?
False
Is 1002881 a multiple of 144?
False
Does 36 divide 398628?
True
Does 231 divide 210247?
False
Is 3900820 a multiple of 22?
True
Does 14 divide 21981153?
False
Is 309205 a multiple of 244?
False
Does 368 divide 532864?
True
Does 122 divide 237248?
False
Does 19 divide 1590835?
False
Does 70 divide 7980?
True
Does 23 divide 7424906?
True
Does 65 divide 149565?
True
Is 3614988 a multiple of 156?
True
Does 10 divide 7548?
False
Is 173700 a multiple of 18?
True
Does 4 divide 4072?
True
Is 97 a factor of 4171?
True
Is 51 a factor of 107814?
True
Does 8 divide 90331?
False
Does 127 divide 59385?
False
Is 111078 a multiple of 363?
True
Is 5 a factor of 16264?
False
Is 117880 a multiple of 40?
True
Is 33 a factor of 619344?
True
Is 1133 a factor of 1589599?
True
Is 21 a factor of 134299?
False
Is 38 a factor of 246050?
True
Is 860 a factor of 145340?
True
Is 21850 a multiple of 5?
True
Is 1128 a factor of 331632?
True
Is 144350 a multiple of 5?
True
Is 1032 a factor of 3558336?
True
Does 1074 divide 4618200?
True
Is 3244364 a multiple of 608?
False
Is 49669 a multiple of 15?
False
Is 7134 a multiple of 3?
True
Is 2910483 a multiple of 9?
True
Is 243786 a multiple of 246?
True
Is 702 a factor of 1255176?
True
Is 177152 a multiple of 173?
True
Does 7 divide 239370?
False
Is 2339798 a multiple of 16?
False
Is 30 a factor of 388656?
False
Does 22 divide 472829?
False
Does 152 divide 12408825?
False
Is 51 a factor of 3964179?
True
Is 258209 a multiple of 333?
False
Is 23678 even?
True
Does 79 divide 21229?
False
Does 55 divide 7629233?
False
Is 16 a factor of 1151360?
True
Is 553231 a multiple of 4?
False
Is 149832 a multiple of 3?
True
Is 5445370 a multiple of 98?
True
Is 50 a factor of 258195?
False
Is 29 a factor of 201637?
True
Is 3339819 a multiple of 431?
True
Is 44 a factor of 13007764?
True
Is 37 a factor of 263343?
False
Does 429 divide 601442?
False
Is 317170 a multiple of 46?
True
Is 164220 a multiple of 2?
True
Does 214 divide 758630?
True
Is 81996 a multiple of 3?
True
Is 7 a factor of 2183363?
True
Is 24 a factor of 1612888?
False
Does 109 divide 1721988?
False
Is 137632 a multiple of 374?
True
Does 176 divide 2012912?
True
Is 24489 a multiple of 282?
False
Is 6381750 a multiple of 25?
True
Does 183 divide 4917075?
False
Is 684095 a multiple of 38?
False
Does 47 divide 286418?
True
Does 564 divide 107417?
False
Is 604 a factor of 3640308?
True
Is 71 a factor of 1653424?
False
Is 1928680 a multiple of 13?
True
Is 1804930 a multiple of 158?
False
Is 72216 a multiple of 531?
True
Does 21 divide 39849?
False
Is 24 a factor of 649536?
True
Does 82 divide 55960?
False
Is 99 a factor of 81477?
True
Is 4507924 a multiple of 123?
False
Is 1409989 a multiple of 19?
False
Is 661301 a multiple of 2?
False
Does 20 divide 865560?
True
Is 2269790 a multiple of 706?
True
Is 601979 a multiple of 161?
True
Is 338 a factor of 14900730?
True
Is 1347108 a multiple of 3?
True
Is 37 a factor of 43623?
True
Is 12 a factor of 1378296?
True
Is 39 a factor of 1055184?
True
Is 853910 a multiple of 226?
False
Does 134 divide 429803?
False
Does 2 divide 23433?
False
Is 424 a factor of 1342090?
False
Is 3 a factor of 19154?
False
Does 9 divide 690786?
True
Is 18981 a multiple of 333?
True
Does 19 divide 147725?
True
Does 11 divide 80022?
False
Is 2826936 a multiple of 84?
True
Is 13 a factor of 400380?
False
Does 20 divide 2724477?
False
Is 27 a factor of 1022247?
True
Is 6303723 a multiple of 479?
False
Does 897 divide 5762328?
True
Is 1269 a factor of 3767661?
True
Is 5942016 a multiple of 32?
True
Is 147392 a multiple of 4?
True
Is 3478335 a multiple of 21?
True
Is 33 a factor of 65632?
False
Is 4635954 a multiple of 27?
True
Does 2 divide 170583?
False
Is 45 a factor of 1651948?
False
Is 11594 even?
True
Is 188880 a multiple of 28?
False
Does 107 divide 566137?
True
Is 393 a factor of 464919?
True
Is 38262 a multiple of 31?
False
Does 22 divide 473682?
True
Does 129 divide 348429?
True
Does 22 divide 939911?
False
Is 2626563 a multiple of 14?
False
Is 16 a factor of 19768995?
False
Is 787 a factor of 6271513?
False
Is 201 a factor of 160291?
False
Is 152 a factor of 845120?
True
Does 150 divide 107740?
False
Does 16 divide 1124509?
False
Is 6950944 a multiple of 32?
True
Is 6218 a multiple of 2?
True
Is 3137102 a 